
Let p be 1/(4/(-56)) - 1. Let a = p + 49. What is the tens digit of a?
3
Let f(s) = -3*s**2 + s. Let c be f(-1). Let h = 0 - c. What is the units digit of h?
4
Suppose f - 13 = 2*w - 4*w, -2*f + 20 = 3*w. Let l = w + -3. Suppose -27 = -l*m + 2*s, -5*m + m = -s - 31. What is the units digit of m?
7
Let p(k) = k**3 + 0*k + 4*k - 3 + 7*k**2 - 3. What is the units digit of p(-6)?
6
Suppose -5*h + 24 = -1. Let f(x) = x**2 - 1. What is the tens digit of f(h)?
2
Let i = -87 + 129. Suppose -58 - i = -5*v. Suppose v = 5*c - 5. What is the units digit of c?
5
Let f(n) = -56*n + 7. What is the hundreds digit of f(-2)?
1
Let s(v) = -2*v + 2. Let c be s(-4). What is the tens digit of (28/5)/(2/c)?
2
Let j be -41*(1 + -2) - 0. Let v = j + -25. What is the tens digit of v?
1
Let d(m) = -9*m. What is the tens digit of d(-2)?
1
Let g(t) = t**3 - 12*t**2 + 15*t - 15. What is the units digit of g(11)?
9
Suppose 0 = 3*u - 7*u + 80. What is the units digit of u?
0
What is the units digit of (1*-7)/(4/(-8))?
4
Let b(a) = 5*a**2 - 3*a + 2. Let u be b(2). Suppose -20*i = -19*i - 3. What is the units digit of 3 + u + (i - 1)?
1
Let r(y) = y**3 - 7*y**2 + 8*y - 9. Let v = -8 - -14. Let j be r(v). Suppose w + 4*b = 15, 0 - j = -w + 2*b. What is the units digit of w?
7
Suppose 456 = 7*d - d. What is the units digit of d?
6
Suppose -5*c = -4*y - 757, 4*c - y - 1027 + 428 = 0. What is the units digit of c?
9
Let v(x) = -x + 15. Suppose 6 = -5*m - 3*h, -2*m - 4*h = -m + 8. Let w be v(m). Suppose -o - 2*g + w = 0, o + 0*o + 3*g = 19. What is the units digit of o?
7
Suppose -2 = f - 4. What is the units digit of f?
2
What is the tens digit of ((-61)/3)/(-2*(-3)/(-18))?
6
Let i be (150/24)/(2/40). Let p = -86 + i. What is the units digit of p?
9
Let l be (-1 + -1 + 5)*11. Suppose 2*x = 5*x - l. What is the tens digit of x?
1
Suppose -4*v + 5*v + 15 = 5*x, 2*x = -4*v + 6. Suppose 0 = -x*q - 31 + 85. What is the tens digit of q?
1
Suppose 3*o - 4*s - 5 - 14 = 0, 5*s + 21 = o. Let z = o + 3. What is the units digit of z?
4
Let q = -12 - -14. What is the units digit of q?
2
Suppose -3*q + 6 = -0*q. What is the units digit of q/8 - 46/(-8)?
6
What is the hundreds digit of -3 + 4 + 0 - -103?
1
Suppose -4*q + 6*q = 40. What is the tens digit of q?
2
What is the units digit of 30/4*(-48)/(-18)?
0
Suppose 0 = u - 5 + 2. Suppose -5*q = -u*q - 40. Suppose -4*p + 8 - q = -4*s, 4*p = s. What is the units digit of p?
1
Suppose 0 = 4*w + 65 + 7. Let p = 22 + w. What is the units digit of p?
4
Let v = 19 + -13. Suppose -2*x + t = -4 - 29, 2*t - v = 0. What is the tens digit of x?
1
Let l(y) = y**2 + 3*y + 4. Let a be l(-3). Suppose 0 = 5*t - 3*n - 134, -4*n - 36 = -a*t + 76. What is the tens digit of t?
2
Suppose 0 = -a + 2*g - 16, g + 14 = -2*a - g. Let n be (-1 + 6)*a/25. What is the units digit of (-1 - n) + (5 - -1)?
7
Let t be 2 + 1/(-2)*-6. Suppose g - t = 14. What is the tens digit of g?
1
Suppose -10 - 6 = 2*b. Let g = b + 8. Suppose -2*m + 3 + 1 = g. What is the units digit of m?
2
Suppose -r - 70 + 196 = 0. What is the hundreds digit of r?
1
Let x(k) = 2*k - 6. Let w be x(4). Suppose -w*d = -6*d + 8. What is the units digit of d?
2
Let n = 10 + -4. Let u(x) = -x**3 + 5*x**2 + 6*x - 1. Let v be u(6). What is the units digit of (4 + 2/v)*n?
2
Suppose -2*l - 24 = -0*l. Let f be -6*4*(-2)/l. Let k = 8 + f. What is the units digit of k?
4
Let v be (-14)/(-8) - (-2)/8. Suppose 8 = v*l - 0*l. What is the units digit of l?
4
Let s(p) = -p**3 + 33*p**2 - 32*p + 21. What is the tens digit of s(32)?
2
Let y(v) = v**3 - 4*v**2 - 3*v - 3. Suppose l + 4 = -l, 4*l = 3*m - 23. What is the units digit of y(m)?
7
What is the units digit of -1*(-4 + (-3 - -4)) - -342?
5
Let b = -153 - -216. What is the units digit of b?
3
Let o = 21 - 13. Suppose 4*z - o - 4 = -a, -3*z = -5*a - 9. What is the units digit of 1*2 - (-3 + z)?
2
Let z = -25 + 48. Let a = z - 18. What is the units digit of a?
5
Let p(w) = 3*w - 2. Let s = -6 + 11. Let c(v) = -v + 1. Let j(l) = s*c(l) + 2*p(l). What is the units digit of j(3)?
4
Suppose 2*f + 230 = 7*f. What is the units digit of f?
6
Let q = 428 - 35. What is the hundreds digit of q?
3
Let x = -4 + 6. Suppose 4*h - x*l - l + 419 = 0, -2*l = -2*h - 210. What is the units digit of 6/27 - h/18?
6
Suppose 5*h = 3*c + 20 + 32, 4*h - c - 36 = 0. Suppose -3*m + h + 10 = 0. Suppose 2 + m = p. What is the units digit of p?
8
Let f(t) = -7*t - t + 6*t - 8*t**3 - 1. Suppose 3*g + 1 = -2. What is the units digit of f(g)?
9
Let u(j) = 3*j - 6. Let p be u(4). Suppose -l - d = -p*d, 4*d = 2*l. What is the units digit of 4/((-12)/(-27)) - l?
9
Let d = -2 + 31. What is the tens digit of d?
2
Let q be (2/3)/((-8)/36). Let b be 2/q - 85/(-15). What is the units digit of 2*b + (-4 - -3)?
9
Let x(o) = o**3 - 7*o**2 + 9*o - 2. Let y be x(6). Let d be (1/2)/((-4)/y). Let r = 10 - d. What is the units digit of r?
2
Let a(o) = -o + 27. What is the units digit of a(18)?
9
Suppose -3 = -0*i - i. Let x = 5 - i. What is the units digit of x?
2
Let w be ((-27)/18)/(6/(-16)). Suppose -z = -3*i + 64, 0 = -3*z + 2*z - w. What is the units digit of i?
0
Suppose 0 = 3*u + 4*d - 1, 2*u - 4*d - 16 = d. What is the units digit of u?
3
Suppose -2*z + 59 + 23 = 2*r, 0 = 2*z + r - 87. Let a = -19 + z. What is the units digit of a?
7
What is the tens digit of (-477)/(-24) + 3/24?
2
Let y = -3 + 8. Suppose 3*u + y*c = 25, u + 0*c - 23 = 2*c. What is the tens digit of u?
1
Let k = -10 + 23. Let m be (-2)/6 - (-26)/6. Let g = k - m. What is the units digit of g?
9
Let j(l) be the first derivative of l**4/4 + 7*l**3/3 - 4*l**2 + 3*l - 2. Let d be j(-8). What is the units digit of 2 + d/2*2?
5
Suppose 29 = 5*r - 36. Let f = 24 - r. What is the tens digit of f?
1
Let v(b) = -b**3 - 2*b**2 - 8. Let n(m) = -2*m**3 - 3*m**2 - 15. Let d(h) = -3*n(h) + 5*v(h). What is the units digit of d(0)?
5
Suppose m + k = 4, 5*m + k + 3*k = 16. Suppose 4*i + i - 30 = m. What is the units digit of i?
6
Suppose -4*x = -0*x. Suppose -w + 2*w = x, 0 = 4*q - 2*w - 20. What is the units digit of q?
5
Suppose 0 = -4*x + 12 + 8. Let p = x + 1. What is the units digit of p?
6
Let f = -31 + 67. What is the units digit of f?
6
Suppose 5*n - n = 236. What is the units digit of n?
9
Suppose 0 = x + x. Suppose -u + 12 + 7 = x. What is the units digit of u?
9
Suppose z - b = -4*z + 384, 4*z + b = 300. What is the tens digit of z?
7
Let b = 39 - 8. What is the tens digit of b?
3
What is the units digit of (-2 - 4/(-8))*1*-6?
9
Let t(z) = -91*z**3 + 3*z**2 + 3*z + 2. What is the tens digit of t(-1)?
9
Let n = 1 + 13. What is the units digit of n - (6 - (-1 + 4))?
1
Suppose -25*p + 27*p = 18. What is the units digit of p?
9
Suppose -27 = -d + 2*u, -2*d + 9 = 4*u - 37. What is the units digit of d?
5
Let f be ((-50)/((-6)/(-3)))/(-1). Suppose -4 - 2 = 2*q, -f = -2*m + 3*q. Suppose 7*k - m = 3*k. What is the units digit of k?
2
Let t(v) = 2*v + 3. Let m be t(-5). Let k = 15 + m. Suppose 2*p - p + 3*y - 2 = 0, -y + k = 4*p. What is the units digit of p?
2
Let i(c) = -2*c + 3. Let t = 2 + 0. Let v be i(t). What is the units digit of v*(-27)/(1 - -2)?
9
Let r(d) = d**3 - d**2 + 4. Let f be r(0). Let s = 7 - f. Suppose g - 11 = 4*q - 68, -4*q + s*g = -51. What is the units digit of q?
5
Let z = -2 - -5. Suppose -2*o = -z*o + 16. What is the tens digit of o?
1
Let v(l) = -10*l + 15 - 8*l + 4*l + l**2. What is the units digit of v(13)?
2
Let x(i) be the third derivative of i**5/60 + i**4/24 + 23*i**3/6 - 6*i**2. What is the tens digit of x(0)?
2
Let x be (0 - 1)*(-10)/(-2). Let t = -4 - x. What is the units digit of t?
1
Suppose 1 = d, 4*a + 2*d - 10 = 4*d. Suppose r - a*r = -8. What is the units digit of r?
4
Suppose 0 = -i + 2*s - 0 + 1, 0 = -4*i + 3*s + 19. Let l be (0 + -6)*(-1)/3. Suppose 5*z + 12 = x, -l*x + i = 4*z - 3. What is the units digit of x?
7
Suppose 4*l = 3*g - 5, 0 = 5*g + 4*l - 3*l - 16. Suppose 2*m = -j + 1, 4*j - 10 = -g*m + m. What is the units digit of m + 1 + -1 + 4?
3
Let r = 188 - 72. What is the hundreds digit of r?
1
Suppose g + 2*z - 7*z = -9, 4*z = 8. Let o(n) = n**3 - 3*n**2 - 4*n + 4. Let q be o(4). Let h = g + q. What is the units digit of h?
5
Let w = -13 + -1. What is the units digit of (-4)/w - (-288)/21?
4
Suppose -4*m 